*r = r + 62. Let w = d - -50. Is w prime?
False
Suppose p - 4*p = -402. Is p a prime number?
False
Let d(t) = -t**3 + 4*t**2 - 4*t + 2. Let y be d(2). Suppose 0 = -3*o + q + 323, y*o + 2*q - 93 = 109. Suppose o = -3*n + 5*n. Is n a composite number?
False
Let u(d) = d**2 + 6*d + 9. Let f be u(-6). Let z = 5 + f. Is z a composite number?
True
Suppose -w + s - 3*s - 5 = 0, 4*s + 1 = w. Is 0 - (3 + -35) - w a composite number?
True
Is (2/(-6))/(7/(-33474)) a composite number?
True
Suppose -221 + 1543 = -2*l. Let t = l - -1580. Is t a composite number?
False
Let z(r) = 2768*r**2 - r - 2. Is z(-1) a prime number?
True
Let i be -24*(-1)/((-3)/10). Suppose 5*m + 6 + 227 = 2*k, -229 = 5*m - k. Let q = m - i. Is q composite?
True
Let v(u) = 105*u. Let l be v(8). Let r be ((-2)/4)/((-3)/30). Suppose -r*p - o + 1051 = -0*o, 4*p - l = -o. Is p a prime number?
True
Let p be -3 + (0 - 2) + 7. Suppose -p*i - i + 699 = 0. Is i a composite number?
False
Let r = -322 - -1091. Is r a prime number?
True
Suppose 3*h + u = 4*u + 12, -3*h + 5*u = -2. Let c = h - 7. Is 14 - c*3/(-6) prime?
False
Suppose 4*m - 52 = -8. Suppose -3*q - m = -104. Is q a composite number?
False
Let s(o) = -59*o + 32. Let j(m) = -20*m + 11. Let v(z) = 17*j(z) - 6*s(z). Suppose b - 7 = -2*p + 1, 3*b = 4*p - 26. Is v(p) a prime number?
False
Suppose 320 = 3*x + 2*x. Suppose k - x = -5*c, 0 = 3*k + c + 100 - 334. Is k composite?
False
Is (-32)/(-16) + 223*2 + -3 a prime number?
False
Suppose m - 8 = 3*m, -r + 223 = -3*m. Is r composite?
False
Is (2 - (-1111 - 1))*16/32 a prime number?
True
Let x = 4 + -2. Let d(z) = x*z - 2*z**2 + 19*z**2 + 4 + 15*z**2 - 3*z**2. Is d(-3) prime?
False
Suppose 2*m - 2*t - 16 = 0, -2 = -2*m - t - 1. Let b(g) = -4 - 211*g**3 + 1 - 1 + m + g**2. Is b(-1) composite?
False
Is (-4 - -1) + 1 + 144 composite?
True
Suppose 23 = 4*l - 109. Let v = -1 + 12. Suppose 4*o - l = v. Is o prime?
True
Is 2 + (1680 - (-2 - 1)) composite?
True
Suppose 2*y = 2*w + 16, y + 0*w - 2*w = 13. Suppose y*h + 0*h = -d + 41, 0 = -2*d + h + 110. Is d prime?
True
Suppose p = 3*a - 0*p - 791, 245 = a - 5*p. Is a composite?
True
Suppose -43 = 3*u + 8. Let p = -14 - u. Is p prime?
True
Suppose 2*x = 3*x + 2*t - 51, 5*t - 157 = -3*x. Is x a composite number?
False
Is 3*131 + (-32)/8 a composite number?
False
Let c(y) = y**3 + 4*y**2 - 5*y - 4. Let p be c(-5). Let a be ((-8)/(-10))/(p/(-10)). Suppose -6*t + 4*r + 269 = -t, -157 = -3*t - a*r. Is t a composite number?
False
Suppose 0 = -2*c + 7*c + 35. Let t(o) = -8*o - 17. Is t(c) prime?
False
Let n = -1093 - -1659. Is n a composite number?
True
Let w be 2 - -1*11*2. Suppose 2*r - w = 6*r. Is 136/6 - (-4)/r a prime number?
False
Is (5 + -5 + -1)*(-1394)/2 a prime number?
False
Suppose -9897 = 11*x - 14*x. Is x composite?
False
Suppose 13*r - 2911 = 12234. Is r prime?
False
Let i = -5 + 11. Let m(a) = 2*a**3 - 8*a**2 - 3*a + 7. Is m(i) prime?
False
Let g(n) = -27*n - 5. Let u(h) = 27*h + 4. Let i(f) = -2*g(f) - 3*u(f). Is i(-3) prime?
True
Suppose -3*m = 9, 0 = 4*o + m + m - 26. Let n(y) = 2*y - 10. Let u be n(o). Is (-2532)/(-20) - u/(-15) composite?
False
Let o = -554 + 948. Suppose 0 = -5*d + o + 61. Is d a composite number?
True
Suppose 0 = 4*c + u - 231, c + 2*c + 4*u = 157. Is c prime?
True
Let y be (36/(-21))/(4/98). Let g = 77 + y. Suppose -4*a = 11 - g. Is a composite?
True
Let u(a) = 65*a + 25. Let s(p) = 8*p + 3. Let w(x) = -25*s(x) + 3*u(x). Let q be w(-1). Suppose 0 = q*v - 40 - 75. Is v a prime number?
True
Suppose 4*d - 462 = -2*q, -5*q - d - 4 + 1186 = 0. Is q a prime number?
False
Let i(o) = 5*o. Let u be i(-1). Let n = -2 - u. Suppose -n*b = -166 + 55. Is b a prime number?
True
Let c(h) = -5*h**3 + 25*h**2 - 3*h + 4. Let x(t) = -t**3 + 6*t**2 - t + 1. Let g(d) = -2*c(d) + 9*x(d). Is g(5) composite?
False
Let j(m) = m**3 + 3*m**2 - 6*m - 2. Let o be j(-5). Suppose -4*d = -5 + 1. Is 14*d*o/(-4) a prime number?
False
Let h(y) = -y**2 + 9*y + 6. Let s be h(10). Is -115*(-3)/((-12)/s) a composite number?
True
Let m = 9 + -4. Suppose -m*w = -w - 8. Is 1/(-2)*w - -36 composite?
True
Is 21*1*278/6 a composite number?
True
Let y(n) = n**2 - 4*n + 2. Let o be y(4). Suppose -r = r - 5*k - 91, -k = -4*r + 209. Suppose -o*l + r = -l. Is l a prime number?
True
Let t(r) = r + 203. Is t(0) composite?
True
Let x = 85 - 228. Let p = -78 - x. Is p a prime number?
False
Let b = 8 - 4. Suppose -b*c - 2*i = -8*c + 712, 0 = -4*c - 5*i + 726. Is c prime?
True
Let k be ((-1)/(-2))/(1/14). Let h = -8 + 4. Is (-3)/(12/k)*h prime?
True
Let p(m) = -m**2 - 4*m + 3. Let g be p(3). Let c = 36 + g. Is 1390/c + 6/(-27) a prime number?
False
Let m = -26 + -17. Let c = 36 - m. Is c a composite number?
False
Let u(i) be the third derivative of -5*i**4/3 + i**3/2 + 6*i**2. Is u(-5) a composite number?
True
Let k(c) = 68*c**2 + 2*c + 1. Let o be k(-1). Suppose -125 = -2*s + 139. Let d = s - o. Is d prime?
False
Let n be 1/(-4) - 1491/(-12). Suppose -6*o + 2*o + n = 0. Is o a prime number?
True
Let s(i) = i**3 - 20*i**2 + 18*i + 21. Let f be s(19). Suppose -4*u = -c - 91, -2*u + 5*c + 0*c = -23. Let h = f + u. Is h a composite number?
True
Let p be 870/(-2) - (-5 + 3). Let q = 768 + p. Is q prime?
False
Suppose 4*x - 6*l + 5 = -5*l, 3*x + 21 = -5*l. Let k be x/7 - 275/(-7). Suppose o = -2 + k. Is o a composite number?
False
Let h = 21 - 9. Suppose 4*r - h = r. Suppose -r*d + d - 2*i + 225 = 0, -3*i + 145 = 2*d. Is d prime?
False
Let n(t) = 24*t**2 + 8*t - 61. Is n(12) composite?
False
Let i be (-4)/6 - 1828/(-6). Let c be 3/2*i/12. Let h = -17 + c. Is h a composite number?
True
Suppose 0 = -q - 3*q + 892. Is q a composite number?
False
Suppose -c + n + 3 = -2*c, -5*c - 9 = 2*n. Let m = -1 - c. Suppose m = -0*x - 2*x + 38. Is x a composite number?
False
Let x(m) = m - 3. Let t be x(-9). Let g = t - -27. Is g prime?
False
Suppose -4*l + 4*a = -448, -l = -2*l - 5*a + 130. Let n = -26 + l. Is n composite?
False
Let x = 120 - 59. Suppose -x + 8 = -r. Is r prime?
True
Suppose -5*k - 5*w - 240 = 0, -252 + 65 = 4*k - w. Let h be (-1 + -2)/(2/(-44)). Let a = h + k. Is a a composite number?
False
Let c = -3 + 6. Let a(m) = m**3 - 2*m**2 + 2*m - 1. Let t be a(1). Suppose -3*b = -c*i - 288, -4*b + 5*i + t*i = -383. Is b composite?
False
Is 1*(1 - 6 - -5266) prime?
True
Let z(m) = -4*m**3 + 2*m**2 + 4*m - 7. Is z(-4) prime?
False
Suppose -4*w + 0*w = -344. Let a(k) = k**2 - 4*k + 2. Let l be a(-5). Let m = w + l. Is m a composite number?
True
Let i = 49 + -13. Suppose 2*m = 2*k - 3 + 63, m - i = -5*k. Is m prime?
True
Suppose -2*x = 3*f - 4, -8 = -0*f + 2*f - 4*x. Suppose 0*h + 3*h - 561 = f. Is h composite?
True
Let p = 110 - 12. Let h be (-51)/(-15) - 4/10. Suppose -b - p = -h*b. Is b a composite number?
True
Suppose -8*h = -2*h - 5334. Is h composite?
True
Suppose l - 3*l = -6. Let s(z) = -z**3 + z**2 + z - 4. Let x be s(l). Is 0 - x*(-1)/(-1) prime?
True
Let n = 11 - 0. Suppose 7*z = n*z - 596. Is z composite?
False
Let b = 17 + -6. Is b*3*(-4)/(-6) prime?
False
Suppose 0 = 5*v, 1000 = 5*f + 5*v - 0*v. Let b = f - 89. Is b a prime number?
False
Let b = -37 + 58. Suppose -2*z + b = -19. Suppose -3*k = -2*m - k + z, -m = -5*k + 2. Is m prime?
True
Suppose -2*y + 4 = b, 7*b - 2*y = 4*b + 4. Suppose -2*r = -4*v + 848, b*v + 5*r = -3*v + 1060. Suppose 3*l = 4*u - 317, 3*u - 25 = 2*l + v. Is u composite?
True
Suppose -k = k + 2. Is (11/3)/(k/(-3)) prime?
True
Suppose -2*d + 1 = -11. Let v(y) be the first derivative of y**2 - 5*y + 1. Is v(d) composite?
False
Let t(f) be the first derivative of -12*f**2 + 7*f - 1. Is t(-9) prime?
True
Let c(a) = 134*a - 7. Is c(6) composite?
False
Suppose -q = -2*z + 68, 4*q - 2*z + 257 = 3*z. Let p = q + 95. Is p composite?
False
Let q(p) = 148*p + 47. Is q(5) a composite number?
False
Let z(q) = q**2 + 3*q - 4. Let x be z(-4). Suppose x = y - 124 - 10. Suppose s + s - y = 0. Is s composite?
False
Is 115/(2 - (-4 + 5)) composite?
True
Let v(s) = 2*s**2 + s + 1. Let c be v(10). Suppose 0*a = a - c. Is a composite?
False
Let t(b) = 3*b**3 - 4*b**2 + 2*b + 2. Suppose 0 = 5*n - 2 - 8. Is t(n) a prime number?
False
Suppose -11*i - 3*i = -23198. Is i composite?
False
Let b be ((-8)/6)/(6/(-9)). Let n be b/(-7) + (-942)/(-14). Suppose -z = -0*z - n. Is z